{"id":15940,"date":"2026-05-01T15:43:08","date_gmt":"2026-05-01T18:43:08","guid":{"rendered":"https:\/\/capsantafe.online\/cssappsf\/?post_type=tribe_events&#038;p=15940"},"modified":"2026-05-01T15:57:04","modified_gmt":"2026-05-01T18:57:04","slug":"dia-de-la-escarapela-2026","status":"publish","type":"tribe_events","link":"https:\/\/capsantafe.online\/cssappsf\/actividad\/dia-de-la-escarapela-2026\/","title":{"rendered":"D\u00eda de la Escarapela"},"content":{"rendered":"<h1>18 de Mayo: D\u00eda de la Escarapela<\/h1>\n<p>En 1935 el Consejo Nacional de Educaci\u00f3n instituy\u00f3 al <strong>18 de mayo como D\u00eda de la Escarapela<\/strong>, uno de nuestros emblemas patrios m\u00e1s representativos.<\/p>\n<p><a href=\"https:\/\/capsantafe.online\/cssappsf\/wp-content\/uploads\/2026\/05\/Dia-de-la-Escarapela-2026_1350_SL.jpg\"><img fetchpriority=\"high\" decoding=\"async\" class=\"aligncenter wp-image-12421 size-full\" src=\"https:\/\/capsantafe.online\/cssappsf\/wp-content\/uploads\/2026\/05\/Dia-de-la-Escarapela-2026_1350_SL.jpg\" alt=\"\" width=\"960\" height=\"904\" \/><\/a><\/p>\n<div class=\"article-body\">\n<p><b>M\u00e1s informaci\u00f3n:\u00a0<a href=\"https:\/\/www.argentina.gob.ar\/noticias\/18-de-mayo-dia-de-la-escarapela-0\" target=\"_blank\" rel=\"noopener\">D\u00eda de la Escarapela<\/a><\/b><\/p>\n<\/div>\n","protected":false},"excerpt":{"rendered":"<p>18 de Mayo &#8211; D\u00eda de la Escarapela<\/p>\n","protected":false},"author":7,"featured_media":15953,"template":"","meta":{"_acf_changed":false,"_eb_attr":"","inline_featured_image":false,"_tribe_events_status":"","_tribe_events_status_reason":"","_tribe_events_is_hybrid":"","_tribe_events_is_virtual":"","_tribe_events_virtual_video_source":"","_tribe_events_virtual_embed_video":"","_tribe_events_virtual_linked_button_text":"","_tribe_events_virtual_linked_button":"","_tribe_events_virtual_show_embed_at":"","_tribe_events_virtual_show_embed_to":[],"_tribe_events_virtual_show_on_event":"","_tribe_events_virtual_show_on_views":"","_tribe_events_virtual_url":"","footnotes":""},"tags":[],"tribe_events_cat":[40],"class_list":["post-15940","tribe_events","type-tribe_events","status-publish","has-post-thumbnail","hentry","tribe_events_cat-dias-especiales","cat_dias-especiales"],"acf":[],"_links":{"self":[{"href":"https:\/\/capsantafe.online\/cssappsf\/wp-json\/wp\/v2\/tribe_events\/15940","targetHints":{"allow":["GET"]}}],"collection":[{"href":"https:\/\/capsantafe.online\/cssappsf\/wp-json\/wp\/v2\/tribe_events"}],"about":[{"href":"https:\/\/capsantafe.online\/cssappsf\/wp-json\/wp\/v2\/types\/tribe_events"}],"author":[{"embeddable":true,"href":"https:\/\/capsantafe.online\/cssappsf\/wp-json\/wp\/v2\/users\/7"}],"version-history":[{"count":2,"href":"https:\/\/capsantafe.online\/cssappsf\/wp-json\/wp\/v2\/tribe_events\/15940\/revisions"}],"predecessor-version":[{"id":15944,"href":"https:\/\/capsantafe.online\/cssappsf\/wp-json\/wp\/v2\/tribe_events\/15940\/revisions\/15944"}],"wp:featuredmedia":[{"embeddable":true,"href":"https:\/\/capsantafe.online\/cssappsf\/wp-json\/wp\/v2\/media\/15953"}],"wp:attachment":[{"href":"https:\/\/capsantafe.online\/cssappsf\/wp-json\/wp\/v2\/media?parent=15940"}],"wp:term":[{"taxonomy":"post_tag","embeddable":true,"href":"https:\/\/capsantafe.online\/cssappsf\/wp-json\/wp\/v2\/tags?post=15940"},{"taxonomy":"tribe_events_cat","embeddable":true,"href":"https:\/\/capsantafe.online\/cssappsf\/wp-json\/wp\/v2\/tribe_events_cat?post=15940"}],"curies":[{"name":"wp","href":"https:\/\/api.w.org\/{rel}","templated":true}]}}

Día de la Escarapela

<h1>18 de Mayo: Día de la Escarapela</h1>
<p>En 1935 el Consejo Nacional de Educación instituyó al <strong>18 de mayo como Día de la Escarapela</strong>, uno de nuestros emblemas patrios más representativos.</p>
<p><a href="https://capsantafe.online/cssappsf/wp-content/uploads/2026/05/Dia-de-la-Escarapela-2026_1350_SL.jpg"><img fetchpriority="high" decoding="async" class="aligncenter wp-image-12421 size-full" src="https://capsantafe.online/cssappsf/wp-content/uploads/2026/05/Dia-de-la-Escarapela-2026_1350_SL.jpg" alt="" width="960" height="904" /></a></p>
<div class="article-body">
<p><b>Más información: <a href="https://www.argentina.gob.ar/noticias/18-de-mayo-dia-de-la-escarapela-0" target="_blank" rel="noopener">Día de la Escarapela</a></b></p>
</div>

<p>18 de Mayo &#8211; Día de la Escarapela</p>
