{"id":17017,"date":"2026-09-01T07:50:49","date_gmt":"2026-09-01T10:50:49","guid":{"rendered":"https:\/\/capsantafe.online\/cssappsf\/?post_type=tribe_events&#038;p=17017"},"modified":"2026-09-01T07:50:49","modified_gmt":"2026-09-01T10:50:49","slug":"15-de-septiembre-dia-internacional-de-la-democracia","status":"publish","type":"tribe_events","link":"https:\/\/capsantafe.online\/cssappsf\/actividad\/15-de-septiembre-dia-internacional-de-la-democracia\/","title":{"rendered":"15 de Septiembre &#8211; D\u00eda Internacional de la Democracia"},"content":{"rendered":"<h1>15 de Septiembre &#8211; D\u00eda Internacional de la Democracia<\/h1>\n<p>Cada 15 de septiembre se conmemora el <strong>D\u00eda Internacional de la Democracia<\/strong>, una fecha establecida por las Naciones Unidas para poner en valor los principios que sostienen la vida democr\u00e1tica.<\/p>\n<p>La democracia es, ante todo, participaci\u00f3n. Es la posibilidad de que los ciudadanos formen parte de las decisiones que hacen al rumbo de una sociedad, en un marco de libertad, igualdad y respeto.<\/p>\n<p>Esta fecha invita a detenernos y reflexionar sobre la importancia de cuidar las instituciones y los valores democr\u00e1ticos, y sobre el compromiso que implica sostenerlos a lo largo del tiempo.<\/p>\n<p>&nbsp;<\/p>\n<h3>Para seguir leyendo<\/h3>\n<p>Si quer\u00e9s conocer m\u00e1s sobre el significado de esta fecha y la importancia de la participaci\u00f3n ciudadana, te invitamos a consultar los siguientes recursos de las Naciones Unidas:<\/p>\n<p>\u2022 <strong>D\u00eda Internacional de la Democracia<\/strong> \u2014 <a href=\"https:\/\/www.un.org\/es\/observances\/democracy-day\" target=\"_blank\" rel=\"noopener\">Naciones Unidas<\/a><br \/>\n\u2022 <strong>Democracia<\/strong> \u2014 <a href=\"https:\/\/www.un.org\/es\/global-issues\/democracy\" target=\"_blank\" rel=\"noopener\">Informaci\u00f3n y Recursos<\/a><\/p>\n","protected":false},"excerpt":{"rendered":"<p>15 de Septiembre &#8211; D\u00eda Internacional de la Democracia<\/p>\n","protected":false},"author":7,"featured_media":17015,"template":"","meta":{"_acf_changed":false,"_eb_attr":"","inline_featured_image":false,"_tribe_events_status":"","_tribe_events_status_reason":"","_tribe_events_is_hybrid":"","_tribe_events_is_virtual":"","_tribe_events_virtual_video_source":"","_tribe_events_virtual_embed_video":"","_tribe_events_virtual_linked_button_text":"","_tribe_events_virtual_linked_button":"","_tribe_events_virtual_show_embed_at":"","_tribe_events_virtual_show_embed_to":[],"_tribe_events_virtual_show_on_event":"","_tribe_events_virtual_show_on_views":"","_tribe_events_virtual_url":"","footnotes":""},"tags":[],"tribe_events_cat":[40],"class_list":["post-17017","tribe_events","type-tribe_events","status-publish","has-post-thumbnail","hentry","tribe_events_cat-dias-especiales","cat_dias-especiales"],"acf":[],"_links":{"self":[{"href":"https:\/\/capsantafe.online\/cssappsf\/wp-json\/wp\/v2\/tribe_events\/17017","targetHints":{"allow":["GET"]}}],"collection":[{"href":"https:\/\/capsantafe.online\/cssappsf\/wp-json\/wp\/v2\/tribe_events"}],"about":[{"href":"https:\/\/capsantafe.online\/cssappsf\/wp-json\/wp\/v2\/types\/tribe_events"}],"author":[{"embeddable":true,"href":"https:\/\/capsantafe.online\/cssappsf\/wp-json\/wp\/v2\/users\/7"}],"version-history":[{"count":2,"href":"https:\/\/capsantafe.online\/cssappsf\/wp-json\/wp\/v2\/tribe_events\/17017\/revisions"}],"predecessor-version":[{"id":17019,"href":"https:\/\/capsantafe.online\/cssappsf\/wp-json\/wp\/v2\/tribe_events\/17017\/revisions\/17019"}],"wp:featuredmedia":[{"embeddable":true,"href":"https:\/\/capsantafe.online\/cssappsf\/wp-json\/wp\/v2\/media\/17015"}],"wp:attachment":[{"href":"https:\/\/capsantafe.online\/cssappsf\/wp-json\/wp\/v2\/media?parent=17017"}],"wp:term":[{"taxonomy":"post_tag","embeddable":true,"href":"https:\/\/capsantafe.online\/cssappsf\/wp-json\/wp\/v2\/tags?post=17017"},{"taxonomy":"tribe_events_cat","embeddable":true,"href":"https:\/\/capsantafe.online\/cssappsf\/wp-json\/wp\/v2\/tribe_events_cat?post=17017"}],"curies":[{"name":"wp","href":"https:\/\/api.w.org\/{rel}","templated":true}]}}

15 de Septiembre &#8211; Día Internacional de la Democracia

<h1>15 de Septiembre &#8211; Día Internacional de la Democracia</h1>
<p>Cada 15 de septiembre se conmemora el <strong>Día Internacional de la Democracia</strong>, una fecha establecida por las Naciones Unidas para poner en valor los principios que sostienen la vida democrática.</p>
<p>La democracia es, ante todo, participación. Es la posibilidad de que los ciudadanos formen parte de las decisiones que hacen al rumbo de una sociedad, en un marco de libertad, igualdad y respeto.</p>
<p>Esta fecha invita a detenernos y reflexionar sobre la importancia de cuidar las instituciones y los valores democráticos, y sobre el compromiso que implica sostenerlos a lo largo del tiempo.</p>
<p>&nbsp;</p>
<h3>Para seguir leyendo</h3>
<p>Si querés conocer más sobre el significado de esta fecha y la importancia de la participación ciudadana, te invitamos a consultar los siguientes recursos de las Naciones Unidas:</p>
<p>• <strong>Día Internacional de la Democracia</strong> — <a href="https://www.un.org/es/observances/democracy-day" target="_blank" rel="noopener">Naciones Unidas</a><br />
• <strong>Democracia</strong> — <a href="https://www.un.org/es/global-issues/democracy" target="_blank" rel="noopener">Información y Recursos</a></p>

<p>15 de Septiembre &#8211; Día Internacional de la Democracia</p>
